{"id":25312,"date":"2024-07-08T10:00:30","date_gmt":"2024-07-08T07:00:30","guid":{"rendered":"https:\/\/kivikonsultit.fi\/?page_id=25312"},"modified":"2024-12-09T20:25:09","modified_gmt":"2024-12-09T18:25:09","slug":"yhteystiedot","status":"publish","type":"page","link":"https:\/\/kivikonsultit.fi\/?page_id=25312","title":{"rendered":"Yhteystiedot"},"content":{"rendered":"\t\t<div data-elementor-type=\"wp-page\" data-elementor-id=\"25312\" class=\"elementor elementor-25312\">\n\t\t\t\t\t\t<section class=\"elementor-section elementor-top-section elementor-element elementor-element-1fac2a2 elementor-section-boxed elementor-section-height-default elementor-section-height-default\" data-id=\"1fac2a2\" data-element_type=\"section\" data-e-type=\"section\" data-settings=\"{&quot;shape_divider_top&quot;:&quot;opacity-tilt&quot;}\">\n\t\t\t\t\t<div class=\"elementor-shape elementor-shape-top\" aria-hidden=\"true\" data-negative=\"false\">\n\t\t\t<svg xmlns=\"http:\/\/www.w3.org\/2000\/svg\" viewBox=\"0 0 2600 131.1\" preserveAspectRatio=\"none\">\n\t<path class=\"elementor-shape-fill\" d=\"M0 0L2600 0 2600 69.1 0 0z\"\/>\n\t<path class=\"elementor-shape-fill\" style=\"opacity:0.5\" d=\"M0 0L2600 0 2600 69.1 0 69.1z\"\/>\n\t<path class=\"elementor-shape-fill\" style=\"opacity:0.25\" d=\"M2600 0L0 0 0 130.1 2600 69.1z\"\/>\n<\/svg>\t\t<\/div>\n\t\t\t\t\t<div class=\"elementor-container elementor-column-gap-default\">\n\t\t\t\t\t<div class=\"elementor-column elementor-col-100 elementor-top-column elementor-element elementor-element-fddca7a\" data-id=\"fddca7a\" data-element_type=\"column\" data-e-type=\"column\">\n\t\t\t<div class=\"elementor-widget-wrap elementor-element-populated\">\n\t\t\t\t\t\t<div class=\"elementor-element elementor-element-d854428 elementor-widget elementor-widget-spacer\" data-id=\"d854428\" data-element_type=\"widget\" data-e-type=\"widget\" data-widget_type=\"spacer.default\">\n\t\t\t\t<div class=\"elementor-widget-container\">\n\t\t\t\t\t\t\t<div class=\"elementor-spacer\">\n\t\t\t<div class=\"elementor-spacer-inner\"><\/div>\n\t\t<\/div>\n\t\t\t\t\t\t<\/div>\n\t\t\t\t<\/div>\n\t\t\t\t<div class=\"elementor-element elementor-element-074c222 elementor-widget elementor-widget-heading\" data-id=\"074c222\" data-element_type=\"widget\" data-e-type=\"widget\" data-widget_type=\"heading.default\">\n\t\t\t\t<div class=\"elementor-widget-container\">\n\t\t\t\t\t<h2 class=\"elementor-heading-title elementor-size-default\">Ota yhteytt\u00e4<\/h2>\t\t\t\t<\/div>\n\t\t\t\t<\/div>\n\t\t\t\t<div class=\"elementor-element elementor-element-eb2a158 elementor-widget elementor-widget-spacer\" data-id=\"eb2a158\" data-element_type=\"widget\" data-e-type=\"widget\" data-widget_type=\"spacer.default\">\n\t\t\t\t<div class=\"elementor-widget-container\">\n\t\t\t\t\t\t\t<div class=\"elementor-spacer\">\n\t\t\t<div class=\"elementor-spacer-inner\"><\/div>\n\t\t<\/div>\n\t\t\t\t\t\t<\/div>\n\t\t\t\t<\/div>\n\t\t\t\t<section class=\"elementor-section elementor-inner-section elementor-element elementor-element-8652c66 elementor-section-boxed elementor-section-height-default elementor-section-height-default\" data-id=\"8652c66\" data-element_type=\"section\" data-e-type=\"section\">\n\t\t\t\t\t\t<div class=\"elementor-container elementor-column-gap-default\">\n\t\t\t\t\t<div class=\"elementor-column elementor-col-50 elementor-inner-column elementor-element elementor-element-fd40720\" data-id=\"fd40720\" data-element_type=\"column\" data-e-type=\"column\">\n\t\t\t<div class=\"elementor-widget-wrap elementor-element-populated\">\n\t\t\t\t\t\t<div class=\"elementor-element elementor-element-3f11f2b elementor-widget elementor-widget-text-editor\" data-id=\"3f11f2b\" data-element_type=\"widget\" data-e-type=\"widget\" data-widget_type=\"text-editor.default\">\n\t\t\t\t<div class=\"elementor-widget-container\">\n\t\t\t\t\t\t\t\t\t<p><img fetchpriority=\"high\" decoding=\"async\" class=\"alignnone size-full wp-image-25598\" src=\"https:\/\/kivikonsultit.fi\/wp-content\/uploads\/2024\/11\/Jari-Ikavalko.jpg\" alt=\"\" width=\"218\" height=\"245\" \/><\/p><p>Jari Ik\u00e4valko<\/p><p>diplomi-insin\u00f6\u00f6ri<\/p><p>jari.ikavalko@kivikonsultit.fi<\/p><p>+358503207583<\/p>\t\t\t\t\t\t\t\t<\/div>\n\t\t\t\t<\/div>\n\t\t\t\t\t<\/div>\n\t\t<\/div>\n\t\t\t\t<div class=\"elementor-column elementor-col-50 elementor-inner-column elementor-element elementor-element-b8f8a05\" data-id=\"b8f8a05\" data-element_type=\"column\" data-e-type=\"column\">\n\t\t\t<div class=\"elementor-widget-wrap elementor-element-populated\">\n\t\t\t\t\t\t<div class=\"elementor-element elementor-element-5bf2e51 elementor-widget elementor-widget-text-editor\" data-id=\"5bf2e51\" data-element_type=\"widget\" data-e-type=\"widget\" data-widget_type=\"text-editor.default\">\n\t\t\t\t<div class=\"elementor-widget-container\">\n\t\t\t\t\t\t\t\t\t<p>\u00a0<\/p><p>\u00a0<\/p><p>\u00a0<\/p><p>\u00a0<\/p><p>\u00a0<\/p><p>\u00a0<\/p><p>Ossi Ik\u00e4valko<\/p><p>geologi<\/p><p>ossi.ikavalko@kivikonsultit.fi<\/p><p>+358400235033<\/p>\t\t\t\t\t\t\t\t<\/div>\n\t\t\t\t<\/div>\n\t\t\t\t<div class=\"elementor-element elementor-element-27eea39 elementor-widget elementor-widget-spacer\" data-id=\"27eea39\" data-element_type=\"widget\" data-e-type=\"widget\" data-widget_type=\"spacer.default\">\n\t\t\t\t<div class=\"elementor-widget-container\">\n\t\t\t\t\t\t\t<div class=\"elementor-spacer\">\n\t\t\t<div class=\"elementor-spacer-inner\"><\/div>\n\t\t<\/div>\n\t\t\t\t\t\t<\/div>\n\t\t\t\t<\/div>\n\t\t\t\t\t<\/div>\n\t\t<\/div>\n\t\t\t\t\t<\/div>\n\t\t<\/section>\n\t\t\t\t\t<\/div>\n\t\t<\/div>\n\t\t\t\t\t<\/div>\n\t\t<\/section>\n\t\t\t\t<section class=\"elementor-section elementor-top-section elementor-element elementor-element-f35d1ca elementor-section-boxed elementor-section-height-default elementor-section-height-default\" data-id=\"f35d1ca\" data-element_type=\"section\" data-e-type=\"section\">\n\t\t\t\t\t\t<div class=\"elementor-container elementor-column-gap-default\">\n\t\t\t\t\t<div class=\"elementor-column elementor-col-100 elementor-top-column elementor-element elementor-element-b20ebe6\" data-id=\"b20ebe6\" data-element_type=\"column\" data-e-type=\"column\">\n\t\t\t<div class=\"elementor-widget-wrap elementor-element-populated\">\n\t\t\t\t\t\t<div class=\"elementor-element elementor-element-59b1da9 elementor-widget elementor-widget-spacer\" data-id=\"59b1da9\" data-element_type=\"widget\" data-e-type=\"widget\" data-widget_type=\"spacer.default\">\n\t\t\t\t<div class=\"elementor-widget-container\">\n\t\t\t\t\t\t\t<div class=\"elementor-spacer\">\n\t\t\t<div class=\"elementor-spacer-inner\"><\/div>\n\t\t<\/div>\n\t\t\t\t\t\t<\/div>\n\t\t\t\t<\/div>\n\t\t\t\t<div class=\"elementor-element elementor-element-531ae5d elementor-widget elementor-widget-text-editor\" data-id=\"531ae5d\" data-element_type=\"widget\" data-e-type=\"widget\" data-widget_type=\"text-editor.default\">\n\t\t\t\t<div class=\"elementor-widget-container\">\n\t\t\t\t\t\t\t\t\t<h3><strong>Kivikonsultit Oy<\/strong><\/h3><p>Seilikuja 2a, 02180 Espoo<\/p><p>Y-tunnus 0486863-2<\/p><p><span style=\"font-style: inherit; font-weight: inherit; background-color: var(--ast-global-color-4); color: var(--ast-global-color-3);\">Jari Ik\u00e4valko<\/span><\/p><p>+358503207583<\/p><p>jari.ikavalko@kivikonsultit.fi<\/p>\t\t\t\t\t\t\t\t<\/div>\n\t\t\t\t<\/div>\n\t\t\t\t<div class=\"elementor-element elementor-element-7feaa32 elementor-widget elementor-widget-spacer\" data-id=\"7feaa32\" data-element_type=\"widget\" data-e-type=\"widget\" data-widget_type=\"spacer.default\">\n\t\t\t\t<div class=\"elementor-widget-container\">\n\t\t\t\t\t\t\t<div class=\"elementor-spacer\">\n\t\t\t<div class=\"elementor-spacer-inner\"><\/div>\n\t\t<\/div>\n\t\t\t\t\t\t<\/div>\n\t\t\t\t<\/div>\n\t\t\t\t\t<\/div>\n\t\t<\/div>\n\t\t\t\t\t<\/div>\n\t\t<\/section>\n\t\t\t\t<\/div>\n\t\t","protected":false},"excerpt":{"rendered":"<p>Ota yhteytt\u00e4 Jari Ik\u00e4valko diplomi-insin\u00f6\u00f6ri jari.ikavalko@kivikonsultit.fi +358503207583 \u00a0 \u00a0 \u00a0 \u00a0 \u00a0 \u00a0 Ossi Ik\u00e4valko geologi ossi.ikavalko@kivikonsultit.fi +358400235033 Kivikonsultit Oy Seilikuja 2a, 02180 Espoo Y-tunnus 0486863-2 Jari Ik\u00e4valko +358503207583 jari.ikavalko@kivikonsultit.fi<\/p>\n","protected":false},"author":1,"featured_media":0,"parent":0,"menu_order":0,"comment_status":"closed","ping_status":"closed","template":"","meta":{"site-sidebar-layout":"no-sidebar","site-content-layout":"page-builder","ast-global-header-display":"","ast-main-header-display":"","ast-hfb-above-header-display":"","ast-hfb-below-header-display":"","ast-hfb-mobile-header-display":"","site-post-title":"disabled","ast-breadcrumbs-content":"","ast-featured-img":"disabled","footer-sml-layout":"","theme-transparent-header-meta":"","adv-header-id-meta":"","stick-header-meta":"","header-above-stick-meta":"","header-main-stick-meta":"","header-below-stick-meta":"","footnotes":""},"class_list":["post-25312","page","type-page","status-publish","hentry"],"yoast_head":"<!-- This site is optimized with the Yoast SEO plugin v27.4 - https:\/\/yoast.com\/product\/yoast-seo-wordpress\/ -->\n<title>Yhteystiedot -<\/title>\n<meta name=\"robots\" content=\"index, follow, max-snippet:-1, max-image-preview:large, max-video-preview:-1\" \/>\n<link rel=\"canonical\" href=\"https:\/\/kivikonsultit.fi\/?page_id=25312\" \/>\n<meta property=\"og:locale\" content=\"fi_FI\" \/>\n<meta property=\"og:type\" content=\"article\" \/>\n<meta property=\"og:title\" content=\"Yhteystiedot -\" \/>\n<meta property=\"og:description\" content=\"Ota yhteytt\u00e4 Jari Ik\u00e4valko diplomi-insin\u00f6\u00f6ri jari.ikavalko@kivikonsultit.fi +358503207583 \u00a0 \u00a0 \u00a0 \u00a0 \u00a0 \u00a0 Ossi Ik\u00e4valko geologi ossi.ikavalko@kivikonsultit.fi +358400235033 Kivikonsultit Oy Seilikuja 2a, 02180 Espoo Y-tunnus 0486863-2 Jari Ik\u00e4valko +358503207583 jari.ikavalko@kivikonsultit.fi\" \/>\n<meta property=\"og:url\" content=\"https:\/\/kivikonsultit.fi\/?page_id=25312\" \/>\n<meta property=\"article:modified_time\" content=\"2024-12-09T18:25:09+00:00\" \/>\n<meta property=\"og:image\" content=\"https:\/\/kivikonsultit.fi\/wp-content\/uploads\/2024\/11\/Jari-Ikavalko.jpg\" \/>\n\t<meta property=\"og:image:width\" content=\"218\" \/>\n\t<meta property=\"og:image:height\" content=\"245\" \/>\n\t<meta property=\"og:image:type\" content=\"image\/jpeg\" \/>\n<meta name=\"twitter:card\" content=\"summary_large_image\" \/>\n<meta name=\"twitter:label1\" content=\"Arvioitu lukuaika\" \/>\n\t<meta name=\"twitter:data1\" content=\"1 minuutti\" \/>\n<script type=\"application\/ld+json\" class=\"yoast-schema-graph\">{\"@context\":\"https:\\\/\\\/schema.org\",\"@graph\":[{\"@type\":\"WebPage\",\"@id\":\"https:\\\/\\\/kivikonsultit.fi\\\/?page_id=25312\",\"url\":\"https:\\\/\\\/kivikonsultit.fi\\\/?page_id=25312\",\"name\":\"Yhteystiedot -\",\"isPartOf\":{\"@id\":\"https:\\\/\\\/kivikonsultit.fi\\\/#website\"},\"primaryImageOfPage\":{\"@id\":\"https:\\\/\\\/kivikonsultit.fi\\\/?page_id=25312#primaryimage\"},\"image\":{\"@id\":\"https:\\\/\\\/kivikonsultit.fi\\\/?page_id=25312#primaryimage\"},\"thumbnailUrl\":\"https:\\\/\\\/kivikonsultit.fi\\\/wp-content\\\/uploads\\\/2024\\\/11\\\/Jari-Ikavalko.jpg\",\"datePublished\":\"2024-07-08T07:00:30+00:00\",\"dateModified\":\"2024-12-09T18:25:09+00:00\",\"breadcrumb\":{\"@id\":\"https:\\\/\\\/kivikonsultit.fi\\\/?page_id=25312#breadcrumb\"},\"inLanguage\":\"fi\",\"potentialAction\":[{\"@type\":\"ReadAction\",\"target\":[\"https:\\\/\\\/kivikonsultit.fi\\\/?page_id=25312\"]}]},{\"@type\":\"ImageObject\",\"inLanguage\":\"fi\",\"@id\":\"https:\\\/\\\/kivikonsultit.fi\\\/?page_id=25312#primaryimage\",\"url\":\"https:\\\/\\\/kivikonsultit.fi\\\/wp-content\\\/uploads\\\/2024\\\/11\\\/Jari-Ikavalko.jpg\",\"contentUrl\":\"https:\\\/\\\/kivikonsultit.fi\\\/wp-content\\\/uploads\\\/2024\\\/11\\\/Jari-Ikavalko.jpg\",\"width\":218,\"height\":245},{\"@type\":\"BreadcrumbList\",\"@id\":\"https:\\\/\\\/kivikonsultit.fi\\\/?page_id=25312#breadcrumb\",\"itemListElement\":[{\"@type\":\"ListItem\",\"position\":1,\"name\":\"Home\",\"item\":\"https:\\\/\\\/kivikonsultit.fi\\\/\"},{\"@type\":\"ListItem\",\"position\":2,\"name\":\"Yhteystiedot\"}]},{\"@type\":\"WebSite\",\"@id\":\"https:\\\/\\\/kivikonsultit.fi\\\/#website\",\"url\":\"https:\\\/\\\/kivikonsultit.fi\\\/\",\"name\":\"\",\"description\":\"kallioreikien OBI-kuvaukset\",\"potentialAction\":[{\"@type\":\"SearchAction\",\"target\":{\"@type\":\"EntryPoint\",\"urlTemplate\":\"https:\\\/\\\/kivikonsultit.fi\\\/?s={search_term_string}\"},\"query-input\":{\"@type\":\"PropertyValueSpecification\",\"valueRequired\":true,\"valueName\":\"search_term_string\"}}],\"inLanguage\":\"fi\"}]}<\/script>\n<!-- \/ Yoast SEO plugin. -->","yoast_head_json":{"title":"Yhteystiedot -","robots":{"index":"index","follow":"follow","max-snippet":"max-snippet:-1","max-image-preview":"max-image-preview:large","max-video-preview":"max-video-preview:-1"},"canonical":"https:\/\/kivikonsultit.fi\/?page_id=25312","og_locale":"fi_FI","og_type":"article","og_title":"Yhteystiedot -","og_description":"Ota yhteytt\u00e4 Jari Ik\u00e4valko diplomi-insin\u00f6\u00f6ri jari.ikavalko@kivikonsultit.fi +358503207583 \u00a0 \u00a0 \u00a0 \u00a0 \u00a0 \u00a0 Ossi Ik\u00e4valko geologi ossi.ikavalko@kivikonsultit.fi +358400235033 Kivikonsultit Oy Seilikuja 2a, 02180 Espoo Y-tunnus 0486863-2 Jari Ik\u00e4valko +358503207583 jari.ikavalko@kivikonsultit.fi","og_url":"https:\/\/kivikonsultit.fi\/?page_id=25312","article_modified_time":"2024-12-09T18:25:09+00:00","og_image":[{"width":218,"height":245,"url":"https:\/\/kivikonsultit.fi\/wp-content\/uploads\/2024\/11\/Jari-Ikavalko.jpg","type":"image\/jpeg"}],"twitter_card":"summary_large_image","twitter_misc":{"Arvioitu lukuaika":"1 minuutti"},"schema":{"@context":"https:\/\/schema.org","@graph":[{"@type":"WebPage","@id":"https:\/\/kivikonsultit.fi\/?page_id=25312","url":"https:\/\/kivikonsultit.fi\/?page_id=25312","name":"Yhteystiedot -","isPartOf":{"@id":"https:\/\/kivikonsultit.fi\/#website"},"primaryImageOfPage":{"@id":"https:\/\/kivikonsultit.fi\/?page_id=25312#primaryimage"},"image":{"@id":"https:\/\/kivikonsultit.fi\/?page_id=25312#primaryimage"},"thumbnailUrl":"https:\/\/kivikonsultit.fi\/wp-content\/uploads\/2024\/11\/Jari-Ikavalko.jpg","datePublished":"2024-07-08T07:00:30+00:00","dateModified":"2024-12-09T18:25:09+00:00","breadcrumb":{"@id":"https:\/\/kivikonsultit.fi\/?page_id=25312#breadcrumb"},"inLanguage":"fi","potentialAction":[{"@type":"ReadAction","target":["https:\/\/kivikonsultit.fi\/?page_id=25312"]}]},{"@type":"ImageObject","inLanguage":"fi","@id":"https:\/\/kivikonsultit.fi\/?page_id=25312#primaryimage","url":"https:\/\/kivikonsultit.fi\/wp-content\/uploads\/2024\/11\/Jari-Ikavalko.jpg","contentUrl":"https:\/\/kivikonsultit.fi\/wp-content\/uploads\/2024\/11\/Jari-Ikavalko.jpg","width":218,"height":245},{"@type":"BreadcrumbList","@id":"https:\/\/kivikonsultit.fi\/?page_id=25312#breadcrumb","itemListElement":[{"@type":"ListItem","position":1,"name":"Home","item":"https:\/\/kivikonsultit.fi\/"},{"@type":"ListItem","position":2,"name":"Yhteystiedot"}]},{"@type":"WebSite","@id":"https:\/\/kivikonsultit.fi\/#website","url":"https:\/\/kivikonsultit.fi\/","name":"","description":"kallioreikien OBI-kuvaukset","potentialAction":[{"@type":"SearchAction","target":{"@type":"EntryPoint","urlTemplate":"https:\/\/kivikonsultit.fi\/?s={search_term_string}"},"query-input":{"@type":"PropertyValueSpecification","valueRequired":true,"valueName":"search_term_string"}}],"inLanguage":"fi"}]}},"_links":{"self":[{"href":"https:\/\/kivikonsultit.fi\/index.php?rest_route=\/wp\/v2\/pages\/25312","targetHints":{"allow":["GET"]}}],"collection":[{"href":"https:\/\/kivikonsultit.fi\/index.php?rest_route=\/wp\/v2\/pages"}],"about":[{"href":"https:\/\/kivikonsultit.fi\/index.php?rest_route=\/wp\/v2\/types\/page"}],"author":[{"embeddable":true,"href":"https:\/\/kivikonsultit.fi\/index.php?rest_route=\/wp\/v2\/users\/1"}],"replies":[{"embeddable":true,"href":"https:\/\/kivikonsultit.fi\/index.php?rest_route=%2Fwp%2Fv2%2Fcomments&post=25312"}],"version-history":[{"count":76,"href":"https:\/\/kivikonsultit.fi\/index.php?rest_route=\/wp\/v2\/pages\/25312\/revisions"}],"predecessor-version":[{"id":25958,"href":"https:\/\/kivikonsultit.fi\/index.php?rest_route=\/wp\/v2\/pages\/25312\/revisions\/25958"}],"wp:attachment":[{"href":"https:\/\/kivikonsultit.fi\/index.php?rest_route=%2Fwp%2Fv2%2Fmedia&parent=25312"}],"curies":[{"name":"wp","href":"https:\/\/api.w.org\/{rel}","templated":true}]}}